*o - 4. Calculate the remainder when o is divided by 1.
0
Let a be (-36 + 1)*1*-1. Suppose 3*q + 2*q - a = 0. Calculate the remainder when 19 is divided by q.
5
Suppose -4*a + 5*p - 26 = 0, 0*a - 4*a - 5*p - 6 = 0. Let m = -2 - a. Calculate the remainder when 5 is divided by m.
1
Let o(z) = -2*z + 1. Calculate the remainder when 6 is divided by o(-2).
1
Suppose -i + 36 = i. Let d = 3 - -102. Let z = d + -70. Calculate the remainder when z is divided by i.
17
Let o(c) = c**2 + 5*c - 7. Let t be 0 + -3 + 6 + 0. Let n = t - 13. What is the remainder when o(n) is divided by 15?
13
Let x = -24 - -29. Calculate the remainder when 29 is divided by x.
4
What is the remainder when (-432)/(-8)*-7*1/(-3) is divided by 43?
40
Let d(o) = -3*o**3 + 19*o**2 + o - 11. Let n(b) = 2*b**3 - 10*b**2 - b + 6. Let j(q) = 3*d(q) + 5*n(q). Calculate the remainder when j(-6) is divided by 12.
9
Let v be 4*(-2 - 12/(-8)). Let y(o) = -2*o**3 - 4*o**2 - 3*o. Calculate the remainder when 15 is divided by y(v).
3
Let h(z) = z + 2. Let b be h(2). Suppose 2*m = b*m - 22. Let i(u) = -u**3 - u**2 + 5*u + 3. Calculate the remainder when i(-4) is divided by m.
9
Suppose -94 = -3*g - 2*r, 2*g - 5*r + 0 - 88 = 0. What is the remainder when g is divided by 18?
16
Let g = 74 - 42. Suppose -28 = -3*k + g. What is the remainder when 39 is divided by k?
19
What is the remainder when ((-28)/6)/((-4)/42) is divided by ((-125)/(-10))/(5*(-4)/(-40))?
24
Suppose -c + 2*c + 4*v - 19 = 0, 5*c - v = 116. Calculate the remainder when 67 is divided by c.
21
Let d(x) = 0*x**2 + x**2 + 16 - 9*x + 3. Let h = 3 + -1. What is the remainder when h is divided by d(6)?
0
Let w be 4/(-14) - 1188/(-42). Let i = 50 - w. Calculate the remainder when i is divided by 13.
9
Let u(d) = 9*d**2 - 2*d - 3. Suppose -4*x + 55 = -3*a, -2*a - 14 = -x - a. Calculate the remainder when u(-2) is divided by x.
11
Suppose -x - 17*c + 46 = -13*c, -x = -3*c - 39. What is the remainder when x is divided by 15?
12
Let x(z) = z**2 - 1. Let t be x(2). Let f = 176 + -115. What is the remainder when f is divided by (-6)/t - 69/(-3)?
19
Let g = 86 + -142. Let y(m) = 6*m**2 + m + 2. Let j be y(4). Let r = j + g. Calculate the remainder when r is divided by 24.
22
Suppose 3*y = 4*y - 4*r - 28, 65 = 2*y - 5*r. What is the remainder when 397 is divided by y?
37
Calculate the remainder when 43/(26/65 + (-1)/(-10)) is divided by 22.
20
Suppose 3*k + 50 = -3*d + 7*d, d = 4*k + 45. Let b = 18 + k. Calculate the remainder when (-10)/(3/(-10 + 1)) is divided by b.
6
Let p = -4 - -12. Let a(u) = u**2 - 2*u + 1. Let y be a(3). Suppose 15 - 3 = y*i. What is the remainder when p is divided by i?
2
Suppose -f + 42 = 7. Calculate the remainder when f is divided by 13.
9
Suppose 0*z + 6*z = 84. Calculate the remainder when 109 is divided by z.
11
Let h(n) = -10*n**2 - 8 - 1 - 7*n**3 + 10*n - n**3 + 7*n**3. What is the remainder when 4 is divided by h(-11)?
0
Calculate the remainder when 124 is divided by 122*5/70 + (-4)/(-14).
7
Let r(v) = -v**3 - 5*v**2 + 7*v + 8. Let t be r(-6). Suppose -t*k = 4*s - 32, -4*k + 5*k - 40 = -5*s. Calculate the remainder when s is divided by 5.
3
Let i(d) = -d**3 + 2*d**2 + 2*d + 1. Let u be i(-2). Suppose 23 = 5*w - 4*w + a, 0 = w - a - u. What is the remainder when 34 is divided by w?
16
Suppose -4*v - 21 + 201 = 4*t, -2*t = -5*v - 104. Calculate the remainder when t is divided by 12.
11
Let j(l) = -l**2 - 5*l + 1. Suppose 0*k - 12 = 3*k. What is the remainder when 13 is divided by j(k)?
3
Suppose 2*i = 244 - 184. Calculate the remainder when 56 is divided by i.
26
Suppose -2*s = 2*s - 44. Let f be (-2 - -3)/(-1 + 2). Let o = f + s. Calculate the remainder when 23 is divided by o.
11
Suppose 0 = -3*p + 7*p + 48. Let b = 45 - 22. Let z = p + b. What is the remainder when z is divided by 4?
3
Let g be (1/3)/(4/204). Let r = 0 + g. What is the remainder when 32 is divided by r?
15
Let w = -30 - -15. Let k = -14 - w. Suppose 3*g - 6 = -0. What is the remainder when g is divided by k?
0
Let l be -1 + (1 - 0) + 2. Suppose 0*n - l*n = -8. What is the remainder when n is divided by 3?
1
Let x(b) = -b**2 + 11*b + 11. What is the remainder when 79 is divided by x(9)?
21
Suppose 7 = j + 2*i - 30, 4*j + 3*i - 148 = 0. Let h = -2 - -12. Calculate the remainder when j is divided by h.
7
Let s(k) = 14*k**2 - 5*k**2 - 2*k**3 + k**3 - 8*k + 12. Let b be s(8). What is the remainder when 12 is divided by (3 - (b - 2))/(-1)?
5
Let h(x) = -22*x + 2. Let t be h(-3). Suppose w = 2*q - 7*q + t, w = -2. Let o = 4 - -1. Calculate the remainder when q is divided by o.
4
Let c(z) be the first derivative of 5*z**3/3 - 3*z**2/2 + 3*z - 4. What is the remainder when c(4) is divided by 18?
17
Let x be ((-24)/20)/(6/(-20)). Suppose -x*m - 68 = -220. Suppose -2*o + 46 = 4*q, 0 = 2*q + q - 15. What is the remainder when m is divided by o?
12
Let j be (-2)/1*(-20 - -9). Let s = -9 + 14. Suppose -i = l - j, -i = -l - s*i + 37. Calculate the remainder when 50 is divided by l.
16
Suppose -4*b + 58 = -2*b. Suppose 3*w + 0*w = 9. Let f(p) = p**3 - 2*p**2 + p + 3. Calculate the remainder when b is divided by f(w).
14
Let r be 122/14 + 2/7. Suppose -j = i - 5, -5*j + 4*i + 52 = r. Let q = -9 + 29. Calculate the remainder when q is divided by j.
6
Suppose -3*m = -5*m + 160. Calculate the remainder when m is divided by 21.
17
Let h = 46 - 19. Calculate the remainder when h is divided by 14.
13
Let p(h) = 3*h**3 - 2*h**2 - 3*h + 9. What is the remainder when p(4) is divided by 40?
37
Let w(g) = 8*g - 4. What is the remainder when 69 is divided by w(5)?
33
Let t = 12 - 3. Let v = -15 - -23. Let y = 12 - v. Calculate the remainder when t is divided by y.
1
Let r = 7 + 4. Let j = r - 7. Suppose -c - j = -3*c. Calculate the remainder when 5 is divided by c.
1
Let l = 15 - 21. Let m be (2 + 40/l)*-3. Let a = 20 - m. What is the remainder when 16 is divided by a?
4
Let x = 15 - 24. Let d = x + 55. Calculate the remainder when d is divided by 12.
10
Let p(f) = f**2 + 6*f + 8. What is the remainder when 21 is divided by p(-6)?
5
Let z = -400 - -282. Let i = -56 - z. Calculate the remainder when i is divided by 16.
14
Let g be (1 + (2 - 4))*-31. Let m = g - 19. Suppose 32 = -4*p + 120. Calculate the remainder when p is divided by m.
10
Suppose t + 6*u - 2*u - 13 = 0, 3*t + 2*u - 39 = 0. Suppose -5*m + 63 - t = 5*x, -3*x = -2*m - 15. What is the remainder when 27 is divided by x?
6
Let p(s) = -s**3 + 7*s**2 - 9*s + 5. What is the remainder when 31 is divided by p(4)?
14
Let d(c) = c**2 - c - 4. Let a(u) = u + 4. Let p be a(-2). What is the remainder when 0 + 0 + p - -13 is divided by d(4)?
7
Let f(k) = -k + 9. What is the remainder when f(-7) is divided by (9 + (0 - 4))*1?
1
Suppose 0*a + b - 169 = -4*a, -3*b = -3*a + 108. Let w = 1 - -17. Suppose 2*m + 3*m - 60 = -g, 3*m - w = 3*g. Calculate the remainder when a is divided by m.
8
Calculate the remainder when 69 is divided by -5 - -1 - -1*(0 - -13).
6
Suppose 6*l = 5*l + 4. Suppose 4 = l*o - 2*x - 20, o - 6 = -5*x. Calculate the remainder when 15 is divided by o.
3
Suppose k + 3*o = -k + 16, -4*k = -2*o. Let b = 5 - k. Suppose -3*z = -3*t - b, 5*z - t - 14 = t. What is the remainder when 14 is divided by z?
2
Suppose 46 = -0*a + a. What is the remainder when a is divided by 12?
10
Let x = 109 - 85. Calculate the remainder when 93 is divided by x.
21
What is the remainder when 33 is divided by ((-51)/6)/((-3)/6)?
16
Suppose -63*a - 32 = -67*a. What is the remainder when a is divided by 1?
0
Let n = -44 - -78. Calculate the remainder when n is divided by 7.
6
Suppose 0 = -6*u + 157 + 143. What is the remainder when u is divided by 26?
24
Suppose 2*i - 5*n = -i, -5*i + 5*n + 10 = 0. Calculate the remainder when 19 is divided by i.
4
Let m = 7 + 0. Calculate the remainder when m is divided by 5.
2
Suppose -3 = p - 15. Suppose 0 = w + 4*w - 225. What is the remainder when w is divided by p?
9
Suppose -j + 5 - 28 = -l, -4*j - l - 72 = 0. Let f = j - -29. Calculate the remainder when f is divided by 6.
4
Let d(w) = -26*w**3 - w**2 + w + 1. Calculate the remainder when ((-9)/(-6))/(12/584) is divided by d(-1).
23
Suppose 5*q - 65 = -20. What is the remainder when 10 is divided by ((-6)/(-1))/(q/6)?
2
Let a(s) = s**2 - 9*s